- 21, 4*n - 12 = -2*k. Let y be 0 - (-3 + 0 + 1). Calculate the greatest common factor of k and y.
2
Let r = -137 - -123. Let z be 1/3 - (-86)/3. Let w = r + z. What is the highest common divisor of 6 and w?
3
Let a be (-5841)/(-88) + 4 + (-6)/16. What is the greatest common factor of a and 1330?
70
Let l be 1*(-4)/((-4)/(-275)). Let p be l*(1 - (-14)/(-10)*1). Calculate the highest common factor of 22 and p.
22
Let c(g) = -15*g + 182. Let p be c(12). Calculate the greatest common divisor of p and 11.
1
Suppose 2*k = 7*r - 11*r + 436, -4*k + r = -827. What is the greatest common factor of k and 26?
26
Let a be ((25/(-5))/5)/((-11)/187). Calculate the highest common divisor of a and 459.
17
Let v be -2 + ((-92)/115)/(6/(-33345)). Calculate the greatest common factor of v and 44.
44
Suppose 3*o = -5*t + 14, 0 = 10*t - 7*t + o - 6. What is the greatest common factor of t and 29?
1
Suppose -74 = -i + 3. Let o(t) = t + 14. Let n be o(-9). Suppose 0 = -3*s + n*s - 14. What is the highest common divisor of i and s?
7
Let u(s) = -5*s + 19. Let v(n) = n. Let m(q) = u(q) + 4*v(q). Let p be m(9). Suppose -184 - 241 = -17*a. What is the highest common factor of a and p?
5
Let b(i) = i**2 - 6*i - 10. Let c be b(6). Let j(l) = l**2 - 2*l - 10. Let t be j(7). Let n = t - c. Calculate the highest common factor of 14 and n.
7
Let o = 191 + -169. Calculate the highest common factor of 286 and o.
22
Let k = 8 - -43. Calculate the greatest common divisor of 663 and k.
51
Let j = -128 + 88. Let t = j + 44. What is the greatest common divisor of t and 24?
4
Let o be 20/6 + 1/(-3). Suppose -5*h + 3*h + p - 15 = 0, 36 = -5*h + 4*p. Let y be (4 - h)*1/4. What is the greatest common factor of o and y?
3
Let l(m) = m**3 - 23*m**2 + 23*m + 35. Let i be l(22). Calculate the greatest common factor of 38 and i.
19
Let v be 849/6 + 5 + 3/2. What is the greatest common divisor of 333 and v?
37
Let y = 21 + -26. Let q be (y/10)/(1/(-12)). Calculate the highest common factor of 6 and q.
6
Let g = -50 + 75. Let j = g + -5. Let w be (-10)/j + 49/2. Calculate the greatest common divisor of w and 24.
24
Let r(g) = -g**2 - g + 9. Let i be r(0). Let l be (0 + (-3 - -8))*108/15. Calculate the greatest common factor of l and i.
9
Suppose a - 868 = 4*i, 0 = -5*a + 26*i - 22*i + 4388. What is the highest common divisor of a and 4?
4
Let f = 40 + -23. Let p = f + -7. Let m(l) = 2*l**2 - 42*l - 82. Let d be m(-2). Calculate the highest common factor of d and p.
10
Let n(w) = -4*w**2 + 55*w - 13. Let h be n(11). What is the greatest common factor of 720 and h?
36
Let b(z) = z**3 + 2*z**2 - 2*z. Let f be b(-2). Suppose 0 = -2*g + u + 6, 3*g - f*u + 2*u - 8 = 0. What is the greatest common divisor of g and 20?
4
Let v(x) = -x**2 + 27*x - 118. Let d be v(14). Calculate the highest common factor of 4 and d.
4
Suppose 11248 = 162*g - 125*g. Let m = -24 + 40. What is the highest common divisor of m and g?
16
Suppose 4*b - 3*h + 7*h - 316 = 0, -2*h + 392 = 5*b. Let u = 609 - 570. What is the greatest common divisor of u and b?
39
Suppose -y - 3*b = -158, 84*y - 81*y = 4*b + 526. Calculate the highest common divisor of y and 34.
34
Suppose 0 = -7*t + 4*t + 69. Suppose -t + 372 = z + k, -2*z - 3*k = -695. Calculate the greatest common factor of 32 and z.
32
Let w be (484/33)/((-2)/(-9)). Calculate the greatest common divisor of w and 33.
33
Let b(z) = -4*z + 28. Let y be b(0). Calculate the highest common divisor of y and 56.
28
Let n(i) = 17*i - 25. Let x(p) = 9*p - 12. Let d(w) = -3*n(w) + 7*x(w). Let y = -123 + 126. Let c be d(y). Calculate the greatest common divisor of c and 216.
27
Suppose r - j = 6*r - 8, -4*j = -4*r - 8. Suppose 0 = k - 5*f + 4, 0 = 22*f - 23*f + 1. Calculate the greatest common divisor of r and k.
1
Suppose v - l - 60 = -3*l, -3*v + 3*l = -225. Suppose 0 = -2*h - 5*z + 186, 5*h + 2*z - 370 = 74. Let p = h - 60. What is the greatest common factor of v and p?
14
Let q(t) = -t**3 - 31*t**2 + 67*t + 77. Let h be q(-33). What is the highest common divisor of 8 and h?
4
Let n = 20 - 18. Suppose -a - 25 = -4*b, -n*a = 3*b - 12 - 15. What is the greatest common divisor of b and 21?
7
Let x be (3 - 3 - 12)*(-18)/(-12). Let w be (-634)/x + 7/((-126)/4). Calculate the highest common divisor of 7 and w.
7
Let h(d) = 5*d - 2. Let t be h(6). Let n be ((-2)/(-4))/(2/t). Let a be (0 - 1)*n*-3. What is the highest common factor of 21 and a?
21
Let k = 529 - 202. Suppose 8 = 2*v, -3*a - 4*v + v = -k. Calculate the greatest common divisor of a and 70.
35
Let u(k) = k**2 + 1 - k + 3 - 1 - 11*k. Let n be u(12). What is the greatest common factor of 3 and n?
3
Suppose 12 = 3*h, 2*h + 9 + 10 = 3*r. Let a = -113 + 70. Let v = 20 - a. Calculate the greatest common divisor of v and r.
9
Suppose -9*j - j = -120. Calculate the greatest common factor of j and 192.
12
Let j = 60 + 301. Suppose -2*y + y + g = -j, g = 2*y - 726. Suppose y = 4*i - 119. Calculate the highest common divisor of 11 and i.
11
Let t(f) = -2*f**3 + 26*f**2 + 29*f - 5. Let m be t(14). What is the highest common divisor of 9 and m?
9
Let n = 50 - -69. Let l(w) = w + 53. Let d(c) = -c - 80. Let r(s) = -5*d(s) - 7*l(s). Let a be r(6). Calculate the highest common factor of a and n.
17
Suppose 187 + 11 = 2*q. Suppose -3*k = -7*k + 36. Calculate the greatest common factor of q and k.
9
Let q(h) = -9*h + 7. Let c be q(-1). Let d(r) = -9*r**2 + r + 2. Let t be d(3). Let o = -36 - t. Calculate the greatest common divisor of o and c.
8
Let h(d) = d**2. Let q be h(-2). Suppose 4*v - 118 = 3*g, -2*v - 5*g + q*g + 54 = 0. Calculate the greatest common factor of v and 7.
7
Suppose 6*f = -2*k + 80, -6 = -4*f - k + 46. Calculate the greatest common divisor of 186 and f.
6
Suppose -4*o = -4*s - s - 535, -3*s = -3*o + 399. Let y = o - 84. Calculate the greatest common divisor of y and 115.
23
Let l(h) be the third derivative of -h**6/60 + 3*h**5/20 + h**4/8 + 11*h**3/6 - 24*h**2. Let o be l(5). What is the highest common divisor of 13 and o?
1
Let s be (1/1)/(7/14)*-36. Let v be (-1*4/(-3))/((-48)/s). What is the highest common divisor of 5 and v?
1
Suppose 0 = 2*w - 24. Suppose 5*v - 18 - 2 = 0. Suppose 0 = v*s - 3*z - 7, 0 = 2*s - 5*z - 3 + 10. What is the highest common factor of s and w?
4
Let j = -106 - -108. Suppose -w + 0*w = 0. Suppose -3*a - 6 + 18 = w. Calculate the highest common divisor of a and j.
2
Let n(b) be the second derivative of b**5/20 - b**4/6 + b**3/2 - b**2/2 - 8*b. Let p be n(3). What is the greatest common divisor of 119 and p?
17
Let r be 3 - 0 - (-4 + 6). Suppose l = 5*f - 23, -r + 2 = -2*l + f. What is the highest common divisor of l and 6?
2
Let o(k) be the first derivative of 3*k**2/2 + 11*k - 9. Let b be o(-1). What is the highest common divisor of b and 20?
4
Let p(q) = 10*q**2 + 2*q + 6. Let a be p(-2). Calculate the highest common factor of a and 49.
7
Let i = 3123 - 2234. What is the highest common factor of i and 127?
127
Let p = -1781 - -1797. Suppose 5*l - 75 = 85. What is the highest common divisor of p and l?
16
Let f(s) = -s**2 - 21*s + 10. Let h be f(-12). Let m = 50 + h. Suppose 0*j = 2*j - 42. Calculate the greatest common factor of j and m.
21
Let t = -13 - -9. Let p = 395 + -324. Let c be (-4)/(-16) - p/t. What is the greatest common factor of 36 and c?
18
Let n(o) = -o**3 - 12*o**2 + 7*o + 23. Let p be n(-13). Calculate the highest common factor of p and 101.
101
Let w(j) be the first derivative of 0*j + 3 + 1 - 1 + j + j**2. Let l be w(7). What is the greatest common divisor of 30 and l?
15
Let b(v) = 202*v + 33. Let y be b(1). What is the highest common factor of 282 and y?
47
Suppose 4*b + 19 - 31 = 0. What is the highest common factor of 57 and b?
3
Let s(a) = -a**2 - 29*a - 3. Let t be s(-15). Let x = t + -91. What is the greatest common divisor of x and 29?
29
Suppose 1479*x = 1484*x - 60. Let j be (-759)/(-9) + (-2)/6. What is the highest common divisor of x and j?
12
Let v = -3 - 2. Let n(b) = b**2 + 4*b - 11. Let a be n(v). Let o(l) = -l**3 - 4*l**2 + 6*l - 12. Let m be o(a). What is the highest common divisor of 12 and m?
12
Let r be (-175)/(-3)*(-60)/(-25). Calculate the highest common factor of r and 105.
35
Suppose u + 72 = 5*u. Let f = 29 + -25. Suppose 10 = f*i + i. Calculate the 